 y/(-54) - (-122)/18?
7
Suppose -5*t = 2*b + 12, 5*t = 2*b - 0*t - 28. Suppose -b*q + 9 = -7. Suppose -p + 3*c = 14 - q, 4*c = -4*p + 24. What is the units digit of p?
2
Let q = 2 + -1. What is the units digit of (0 - -1 - q) + 12?
2
Suppose 2*j + 3 - 5 = 0. Suppose 5*d - j = 9. What is the units digit of d?
2
Let i = 4 + 1. Suppose -i*b - 103 = -298. What is the units digit of b?
9
Suppose -6 = -h + 6. Suppose 45 = 2*v + 3*v - 5*b, -h = -4*v - 4*b. What is the units digit of v?
6
Suppose 120 = -4*k + 6*k. Let r = -23 + k. What is the tens digit of r?
3
Suppose -5*y = -5*u, 5*y + 3*u + 0 + 40 = 0. Let o = y + 15. What is the units digit of o?
0
Let o(t) = -5*t - 96 + 4*t**2 + t**3 + 94 + 0*t**3. What is the tens digit of o(-4)?
1
Suppose 0 = -d - 0*d - 2. Let t be (4 - (-2 + 2))/d. What is the units digit of (t*1)/(2/(-8))?
8
Suppose 477 = 2*i - 4*a - 107, i + 2*a - 296 = 0. What is the hundreds digit of i?
2
Let j = -7 + 8. Let f be 2*(j + 0/3). Suppose 3*o - c = 42 - 8, 3*o = f*c + 35. What is the units digit of o?
1
Let p(o) = o**2 + 7*o. Let t be p(-8). Suppose 3*b = -b + t. What is the units digit of b?
2
Suppose -3*z - 4 = n, -37 = n + 4*n - 2*z. Let m(l) = -l**2 - 6*l + 9. Let o be m(n). Suppose 2*a = o*j + 18, 3*j + 4 - 33 = -5*a. What is the units digit of a?
7
Let l be 11/(-6) + (-1)/6. What is the tens digit of (-2)/(-2) - 24/l?
1
Let o be 1/(-3) + 10/3. Let l = -24 - -15. What is the units digit of o/l + 66/9?
7
Suppose -o = 4*o - 20, -5*z - 2*o = 237. Let w = z + 34. What is the units digit of (-3)/w + (-94)/(-5)?
9
Suppose -4*k - 5 = 31. Let b(c) = c**3 + c**2 + c + 1. Let l(q) = -3*q**3 + 5*q**2 - 4*q - 15. Let j(i) = -4*b(i) - l(i). What is the tens digit of j(k)?
1
Let q be 4/6 - (-168)/(-9). What is the tens digit of q/4*12/(-2)?
2
Let c = -31 - -52. What is the units digit of c?
1
Let s(p) = -p**3 - 5*p**2 + 9*p - 7. What is the tens digit of s(-7)?
2
Let n be 7/(-7) - 18/(-2). What is the units digit of 88/6 - n/12?
4
Let q(g) = -g**3 + g**2 - g + 1. Let v(u) = -5*u**3 + u**2 - 4*u + 1. Let w(x) = -3*q(x) + v(x). Let d be w(-2). Let c = d - 5. What is the units digit of c?
3
Let u(m) = 94*m**2 + 2*m + 3. What is the tens digit of u(-1)?
9
Let c(l) = l + 6. Let x(t) = -2*t - 12. Let s(y) = -9*c(y) - 4*x(y). Suppose -18 - 3 = 3*h. What is the units digit of s(h)?
1
Suppose -18 = -5*t + 3*t. Let k(n) = 3*n - 26. Let d(h) = -h + 9. Let g(y) = 11*d(y) + 4*k(y). What is the units digit of g(t)?
4
Let w(m) = -4*m**2 - m - 2. Let k be w(-2). What is the units digit of (-12)/k + 243/12?
1
Let y(m) = 5*m**2 + 10*m + 4. What is the units digit of y(5)?
9
What is the hundreds digit of (-10920)/(-77) + 2/11?
1
Let h be (2/(-1))/(-1) - -3. Let a(j) = j**2 - 4*j - 6. Let q be a(h). Let l = 8 - q. What is the units digit of l?
9
Let l = 3 - -33. Suppose -3*w = w - l. What is the units digit of w?
9
Suppose -128 - 82 = -6*l. What is the units digit of l?
5
Suppose -4*s + 11 = -17. Let m = 10 - s. What is the units digit of m?
3
Suppose -4*n - g = -11, g = -5*n - 3*g + 11. Suppose 2*a - 9 = -n. What is the units digit of a?
3
Let i = 27 + -45. Suppose 0 = 2*d - 5*u + 3, -5*d + 4*u = u + 36. Let n = d - i. What is the units digit of n?
9
What is the units digit of 3/(-2)*(-29 + -1)?
5
Let q = -93 - -43. Let m be 2/(-4) + q/(-4). Suppose -52 = -4*j - m. What is the tens digit of j?
1
Suppose 5*r - 167 = 4*x + 7, 202 = 5*r + 3*x. What is the tens digit of r?
3
Let h be (-8)/(-3) - 1/(-3). Suppose 0 = 3*a + h + 3, l - a - 12 = 0. What is the units digit of l?
0
Let s(k) = -2 + 0*k**2 + k**2 + 5. What is the units digit of s(0)?
3
Let l(b) = 2*b - 10. Let k be l(7). Suppose k*n - 37 = 15. What is the tens digit of n?
1
Suppose 141 = -7*m + 6*m. What is the units digit of m/(-24) + 4/32?
6
Let s = 634 + -272. What is the hundreds digit of s?
3
Let p = 2 - -2. Suppose -p*c - 7 = 3*i - 1, 0 = -4*c + i + 2. Suppose c*x + 3*x - 24 = 0. What is the units digit of x?
8
Let i = -26 - -42. What is the tens digit of i?
1
Suppose 0*r - r = -2. Let q(v) = -2 - v**2 - 3*v + 0*v**2 + 6 + 0*v**r. What is the units digit of q(-3)?
4
Let u = 21 - 11. Suppose 4*y = u - 2. Suppose 0 = d + y*d - 3. What is the units digit of d?
1
Suppose -3 - 3 = -2*z. Suppose -3*b + 9 = 0, 7*h - 21 = 2*h - 2*b. Suppose z = h*p - 9. What is the units digit of p?
4
What is the units digit of (-10)/(-3) - 4/(-6)?
4
Let r = 7 - -2. Suppose -51 - r = -5*g. What is the tens digit of g?
1
Suppose -9 - 8 = j + 4*r, -5*j - 5*r - 10 = 0. What is the units digit of j?
3
Let t be 28/6*(-3)/(-2). Let l(m) = m**2 - 8*m + 3. Let h be l(t). Let o = h - -6. What is the units digit of o?
2
Suppose 10 = -5*f, -4*t + 7*f = 3*f - 32. Suppose -k + t = 2*k. Suppose -3*c + 50 = k*c. What is the units digit of c?
0
Let s(a) = a**3 + 8*a**2 - 10*a - 6. Let v be s(-9). Suppose -v*j + 0 = 3, -f + 33 = 3*j. What is the tens digit of f?
3
Let f(b) = 5*b**2 + b + 4*b - 4 - b**3 - 1 - 2*b. What is the units digit of f(4)?
3
Let l = -36 + 50. What is the tens digit of l?
1
Suppose -8 - 2 = 2*q. Let m(i) = i**3 + 8*i**2 + 7*i - 1. What is the units digit of m(q)?
9
What is the tens digit of ((-1898)/(-365))/(1/10*1)?
5
Let v = 98 - 56. What is the units digit of v?
2
Suppose 13 = 5*a - 2*t, 3*t + 8 = 3*a + 2*t. Suppose 21 = -a*k + 54. Suppose 0 = -2*l - 4, 0 = 5*g - 3*l + k - 57. What is the units digit of g?
8
Suppose 4*o - 206 = 394. What is the units digit of o?
0
Suppose 3*x - g = 614, 0*x + 4*x - g - 818 = 0. What is the hundreds digit of x?
2
Let j(r) = r**3 - 4*r**2 - 3*r + 1. Let l be j(5). Let t(u) = -u. Let k be t(-3). Suppose -l = -k*x + 13. What is the units digit of x?
8
Suppose 0 = k - 4*c - 305, -10*k + 14*k = -4*c + 1200. What is the tens digit of k?
0
Let z(j) = -j + 8. Let k be z(7). Let t be 35/(-3)*3/k. Let a = t + 49. What is the tens digit of a?
1
Let n = 71 + -42. Suppose -76 - n = -5*z. What is the units digit of z?
1
What is the tens digit of (-32)/((-6)/(-3))*-1?
1
Let x be ((-16)/12)/(6/(-27)). Let y(p) = 17*p + 2. Let a(s) = -8*s - 1. Let l(j) = -13*a(j) - 6*y(j). What is the tens digit of l(x)?
1
Let v = 53 - 29. What is the units digit of v?
4
What is the tens digit of (-2)/10 - 452/(-10)?
4
Let d = -7 - -11. Suppose -20 = 4*k - d. What is the units digit of 146/8 + 1/k?
8
Suppose 2*q - 5*c + 0 = -1, -q - 5*c = -7. Let h = 6 - q. What is the units digit of h/22 - 64/(-11)?
6
Suppose -4*l = -7*l + 12. Suppose 0*j - l*j = -60. What is the tens digit of (-24)/j*30/(-4)?
1
Let t(k) be the second derivative of 0 + k + 7/2*k**2 - 1/12*k**4 - 5/6*k**3. What is the units digit of t(-5)?
7
Suppose v + 152 + 199 = 5*p, -4*v - 268 = -4*p. What is the units digit of p?
1
Suppose 3*m - 55 = 2*m. Suppose -m = -4*y + 1. What is the tens digit of y?
1
What is the tens digit of (3*44)/(1 - (-5)/(-20))?
7
Suppose 2*v + 3*v = 40. Let i(f) = 6*f - 5. What is the tens digit of i(v)?
4
Let c(z) = -z**2 - 6*z - 1. What is the units digit of c(-4)?
7
Let t = -3 - 3. Let w = 8 + t. What is the units digit of w?
2
Suppose -b - 4*a - 19 = 0, a - 28 - 6 = b. Let f(o) = 45*o. Let d be f(-1). Let g = b - d. What is the tens digit of g?
1
Let r(x) = x - 2. Let a be ((-4)/(-10))/(2/20). What is the units digit of r(a)?
2
Let f(o) = -o**3 - 5*o**2 + 4*o - 7. Let y be f(-6). Suppose -14 = -y*s + 51. Let z = s + -2. What is the units digit of z?
1
Let z = 26 - 21. Suppose z*k - 70 = -w, -3*w = k - 0*w - 14. What is the tens digit of k?
1
Let j(p) = 6*p**2 - p + 2. Let y be j(-2). Let q = y - 10. What is the units digit of q?
8
Let j = 4 + 1. Let x = 15 + j. What is the tens digit of x?
2
Let k(p) = -p**3 + 8*p**2 + 3*p + 10. Let g be k(8). Let d = g - 51. Let j = d - -25. What is the units digit of j?
8
Let t = -8 - -31. What is the tens digit of t?
2
Let u(v) = -v**3 - 8*v**2 - 6*v + 7. Let k be u(-7). Suppose 5*o - d = -3, 2*o + k*o = -5*d + 15. Let w = 1 - o. What is the units digit of w?
1
Suppose 19 + 11 = 3*v. What is the units digit of v?
0
Let i be 24/(-15) - (-6)/(-15). What is the units digit of (-32)/(-10) + i/10?
3
Let x be (-76)/(-10) - 4/(-10). Let h be (-3)/((-14)/x - -1). What is the units digit of h - (1 + 0 - 0)?
3
Let y = -13 + 37. Suppose -6*m + 20 = -m, -4*x + y = -5*m. What is the tens digit o